2*g**2 - 7*g - 10. What is the units digit of m(13)?
7
Let a be 5992/8*(0 + (-2)/1). What is the tens digit of (-6)/27 - a/18?
8
What is the tens digit of (((-4)/6)/((-46)/(-631074)))/(-2)?
7
Let y(g) = -2*g + 16. Let q be y(4). What is the units digit of (14/q)/((-2)/(-88))?
7
Let q(o) be the first derivative of 14*o**3/3 - o**2 + 2*o + 1. Suppose p + 3 = g, -7 = -2*p - 4*g + 17. What is the tens digit of q(p)?
5
Suppose 0 = 5*j - 2*b - 2208 + 369, b - 1099 = -3*j. Let u = j - 255. What is the tens digit of u?
1
Suppose 478 + 73 = 29*t. What is the tens digit of t?
1
Let c = 35 - 41. What is the units digit of ((-140)/c)/(19/57)?
0
Let l = 5 - 8. What is the units digit of -3 - (207/l - 1)?
7
Suppose 2*p = -0*p + 3*i + 431, 3*i = 9. What is the units digit of p?
0
Let g = 1003 - 453. What is the hundreds digit of g?
5
Suppose -11 = -2*w + 1. Suppose -w*z - 16 = -10*z. Let q = 21 - z. What is the tens digit of q?
1
Let d(k) = 2*k + 24. Let n be d(-11). Suppose -3*z = -5*b - 2*z + 264, 104 = n*b - 2*z. What is the units digit of b?
3
Let v = 681 + -292. What is the hundreds digit of v?
3
Let b(p) = 10 + 7*p + 45*p + 28*p - 13*p. What is the tens digit of b(2)?
4
Let d(j) = -44*j + 18. Let y(f) = f**3 + 21*f**2 - 22*f - 3. Let x be y(-22). What is the units digit of d(x)?
0
Let l(r) = r**2 - 15*r + 46. What is the tens digit of l(27)?
7
Let x(w) = -w**3 - 8*w**2 - 8*w - 7. Let h be x(-7). Suppose -c - 2*c = h. Suppose -5*y + 3*u = -y - 17, -2*y + 2*u + 6 = c. What is the units digit of y?
8
What is the thousands digit of (8 - -2901) + (-4)/(-8)*-8?
2
What is the units digit of 14/4*(-1276)/(-203)?
2
What is the tens digit of (385/2 - 1)/(56/112)?
8
Let p(b) = -3594*b - 80. What is the units digit of p(-1)?
4
Let k = -23 + 34. Let p = 29 - k. What is the tens digit of p?
1
Suppose -4*m = -8*m - 16. Let a be -2 - 204/m - 3. Suppose -a = -p + 24. What is the tens digit of p?
7
Let x(r) = -33*r - 1. Let d be x(-2). Suppose -3*k = -2*u + d + 53, -2*u = -k - 118. Let z = u - 39. What is the units digit of z?
0
Let v be 2/(-3)*(-17)/((-51)/90). What is the tens digit of (-5)/(v/112)*1?
2
What is the hundreds digit of -59810*(-4)/40 - -1*3?
9
Suppose 4*n - 4*v = -384, -3*n + 0*n = -4*v + 291. Let y = -38 - n. What is the units digit of y?
5
Suppose 5*x + 4*g = 2982 + 1992, -x - 5*g + 978 = 0. What is the units digit of x?
8
Let q(t) = -18*t + 13. Let b be (1/(-1))/1 + 6. Let z be q(b). Let v = -26 - z. What is the units digit of v?
1
Let w = 139 + -91. Suppose d + w = -2*d + t, d - 2*t + 21 = 0. Let o = d - -19. What is the units digit of o?
4
Suppose 105 = 3*z - 3*a, 2*a - 23 = -2*z + 27. Suppose 38*y = 41*y - z. What is the units digit of y?
0
What is the hundreds digit of 12/(-26) - (-3882768)/1196?
2
Let h = 1592 - 157. What is the units digit of h?
5
Let h = 11 - 13. What is the tens digit of 9*h/(-12)*10?
1
Suppose 0 = 3*g - 0*g + 3. Let f be 327*(12/9 + g). Suppose -2*p - f = -5*k, -4*p + 18 - 68 = -2*k. What is the units digit of k?
1
Suppose a - 5*k = 215, 5*a + 3*k - 175 = 4*a. What is the hundreds digit of a?
1
Let a be ((-360)/(-21))/((-1)/(-7)). Let r be (-2)/(-7) - a/(-21). Suppose -4*b + r = -b. What is the units digit of b?
2
Let u = 2079 + 199. What is the units digit of u?
8
Let o = -98 + 98. Suppose -15*v + 17*v - 50 = o. What is the units digit of v?
5
Let x be (288/10)/(0 - (-12)/40). Let l = x + -16. What is the tens digit of l?
8
Let g = 17 + -10. Suppose 10*d - 4*d - 228 = 0. Suppose -179 = -g*t + d. What is the units digit of t?
1
Suppose 24*y - y = 24932. What is the hundreds digit of y?
0
Let m = 1677 - 362. What is the thousands digit of m?
1
Let b be (714 - 0)/2 + 9 + -10. Suppose 0 = -0*u - 2*u + b. What is the hundreds digit of u?
1
Suppose -4*m = 2*h - 226, 0 = -m - 5*h - 12 + 82. What is the units digit of ((-198)/m)/((-6)/100)?
0
Let q(c) = -3*c + 3. Suppose 2*h + 2 = 10. Suppose 2*x = -0*x + 6, -8 = h*b + 4*x. What is the units digit of q(b)?
8
Suppose -4*m - j = j - 1420, 2*j - 1774 = -5*m. What is the tens digit of m?
5
Let u(i) = 96*i + 76. What is the units digit of u(3)?
4
Suppose 10*x = 8*x. Suppose -3*l + x*l + 15 = -q, -4*q + 15 = 3*l. What is the units digit of l?
5
Suppose -4*f + 6*f = h, -2*f = 0. Suppose h*o + 297 = -3*o. Let x = o + 143. What is the units digit of x?
4
Let p = -29 + 22. Let g be (-2)/((-4)/4) + p. Let i = g - -52. What is the tens digit of i?
4
Let n(o) = o**2 - o + 3. Let z be n(4). Suppose -4*p = -p - z. Suppose p*q = q + 116. What is the units digit of q?
9
Let c = 536 + -104. What is the tens digit of c?
3
Let o(y) = -10*y - 29 + 8 - 11 + 4. What is the tens digit of o(-15)?
2
Suppose -6*x + 12 = -2*x. Suppose 5*p = g + 442, 3*g - 260 = -x*p + g. Let b = -56 + p. What is the units digit of b?
2
Let j(f) = -f**3 - 11*f**2 + 3. Let v be j(-11). Suppose 5*h + 78 = -2*l - 36, -5*l = v*h + 76. What is the units digit of (-5)/(-1) - 2 - h?
5
Suppose j + 44 = -j. Let u be (-5)/35 - j/7. Suppose 5*q = -4*i + 110, i - u*i = 5*q - 120. What is the tens digit of q?
2
Suppose 2*q = 4, -3*f = -4*q + 3*q - 4. Suppose -5*x - 27 = -3*z + 5, -5*z - 3*x = -42. What is the units digit of (21/z)/(f/36)?
2
Let w = 8 - 6. Suppose w*b + 2*b - d = 12, b - 3*d - 14 = 0. Suppose 7*p - 110 = b*p. What is the units digit of p?
2
Suppose 9 = 2*p + 1. Suppose p*l + 11 = 19. What is the units digit of l?
2
Suppose 2*y = 24 + 34. Suppose -y = -3*o + 40. What is the units digit of o?
3
Let w(x) = -x**2 + 5*x + 7. Suppose s = -2*z - 14 + 1, 5*s + 2*z + 25 = 0. Let a(y) = -3*y - 3. Let k be a(s). What is the units digit of w(k)?
1
Let b(d) = 3445*d**2 + 31*d + 32. What is the tens digit of b(-1)?
4
Suppose 4*n - 10*k = -14*k + 9448, 0 = 5*n + 3*k - 11808. What is the thousands digit of n?
2
Suppose -4*g = -3*m + 2*m - 21, -5*g + 29 = -4*m. Suppose g*a - 239 - 361 = 0. What is the units digit of a?
0
Suppose -4*m - 21 + 89 = 0. Suppose m*h + 76 = 19*h. What is the tens digit of h?
3
Let l(o) = o - 1. Let a(g) = -g**3 + 5*g**2 - 3*g + 2. Let v be a(4). Let t be l(v). Suppose t*b = 18 + 27. What is the units digit of b?
9
Let a(u) = -u + 10. Let h be a(5). What is the units digit of 2/5 - (-138)/h?
8
Suppose -5*o + 0*o = -10. Suppose 3*x + g - 4*g - 15 = 0, o*g + 10 = -5*x. Suppose 2*a + 0*a - 54 = x. What is the tens digit of a?
2
Let c = -337 - -985. What is the hundreds digit of c?
6
Let w(u) = u**3 - 17*u**2 + 5*u - 14. Let i be w(17). Suppose i = t - 36. What is the hundreds digit of t?
1
Let m = -157 - -155. Let x(b) = -11*b**2 - 5*b + 4. Let l(k) = 32*k**2 + 14*k - 11. Let q(t) = 3*l(t) + 8*x(t). What is the units digit of q(m)?
7
Suppose -k = 4*r + 4*k - 623, -5*r + 775 = 5*k. What is the tens digit of r?
5
Suppose 7615 = 7*r - 834. What is the hundreds digit of r?
2
Suppose -m + 5*m = 208. Suppose m = q - 52. What is the hundreds digit of q?
1
Let c = 156 + 608. What is the tens digit of c?
6
Let f be (-480)/(-22) + 8/44. What is the units digit of f - 2/(-1 - -2)?
0
Suppose 0 = i - 29*i + 33404. What is the tens digit of i?
9
Suppose -5*h + 8*h - 9522 = 0. Suppose -h = -10*d - 1174. What is the tens digit of d?
0
Let q(j) = 9*j + 7*j - 22 + 11*j. What is the tens digit of q(8)?
9
Suppose 2*c - 13 = 13. Let w = -11 + c. What is the tens digit of 26/(0 + w) + 2?
1
Suppose -n = 2*n - 528. Suppose 0 = q + q - 4*c - 292, n = q + 4*c. What is the tens digit of q?
5
Let d(s) = -229*s + 26. What is the hundreds digit of d(-2)?
4
Suppose 0 = -5*u + 16 + 4. Suppose -2*g - 4*f - 384 = -6*g, 4*g = -u*f + 360. What is the units digit of g?
3
Let k be (-40)/(-160) - ((-7674)/8)/3. Suppose k*l - 315*l = 1205. What is the hundreds digit of l?
2
Let b(h) = h**3 - 46*h**2 - 40*h - 50. What is the hundreds digit of b(47)?
2
Suppose 5*a - 3884 = -x + 271, 4*x + 4180 = 5*a. What is the tens digit of a?
3
Let h(a) = -5*a**2 + 10*a - 9. Let q(f) = 14*f**2 - 31*f + 27. Let p(g) = -11*h(g) - 4*q(g). Let z be p(9). Let j = z - 14. What is the tens digit of j?
2
Suppose -6*g = -5*g - 62. Let y = -128 + 133. What is the units digit of -9 + y - g/(-2)?
7
Suppose 90*r + 56721 = 111*r. What is the tens digit of r?
0
Let l(p) = -4*p + 2*p + p. Let g be l(-5). Suppose 35 = g*y - 2*i, 38 = 5*y + i + 3. What is the units digit of y?
7
What is